 v be i(-10). Suppose 8 = 5*h - v. Calculate the remainder when h is divided by w.
5
Let u(l) = l**2 + 14*l + 37. What is the remainder when 46 + (1 + 3)/(-4) is divided by u(-13)?
21
Let y(x) = x - 16. Let b be y(14). What is the remainder when b + 46 + (-2 - 1) is divided by 22?
19
Let l(s) = s**3 + s**2 + s + 40. Let g be l(0). Suppose 38*c = g*c - 110. Suppose -5*d - c + 225 = 0. Calculate the remainder when d is divided by 7.
6
Suppose 6*g - 14 - 4 = 0. Suppose -12 = -3*r - 0. Suppose 5*f + 74 = g*k - 2*k, 0 = -r*f. What is the remainder when k is divided by 19?
17
Suppose 8*d + 5*d = 26. Suppose -2*l - 134 = -0*f - 4*f, 2 = d*l. Calculate the remainder when f is divided by 12.
10
Let a be (2 - (-2 + 0)) + 0. Suppose -2*g = 6, a*g + 26 - 6 = 2*v. Calculate the remainder when 8 is divided by v.
0
Let j = -12 - -22. Suppose 16*f - 2*f - 952 = 0. Calculate the remainder when f is divided by j.
8
Suppose 392*z = 376*z + 1440. Calculate the remainder when 169 is divided by z.
79
Let t(x) = x**3 + 6*x**2 + x + 8. Let z be t(-6). Suppose f = -z*f + 201. Calculate the remainder when f is divided by 23.
21
Let x = -21 - -45. Let o = -218 + 227. Calculate the remainder when x is divided by o.
6
Let f be (77 - (0 + -1))*(-6 + 7). Let h = 180 - f. What is the remainder when h is divided by 21?
18
Suppose -3*i = x - 101, 0 = 4*i + 141*x - 137*x - 132. What is the remainder when i is divided by 4?
2
What is the remainder when 18 is divided by 4/(-42) - 1484/(-147)?
8
Let w = 19 + -17. Suppose -w*f - 189 = -7*a + 2*a, 156 = 4*a - 4*f. Calculate the remainder when a is divided by 20.
17
Suppose -w - b = 2*b + 1, -w + 5*b + 31 = 0. Calculate the remainder when 54 is divided by w.
10
Suppose -a + 2 = -4*u, -a + 5*u = a - 13. What is the remainder when a is divided by 4?
2
Let i(o) = -o**2 + 6*o. Let a be i(5). Suppose -3*h - 2*h + 93 = 2*t, -a*t = 4*h - 71. Let j(n) = n**2 + n + 5. What is the remainder when h is divided by j(0)?
4
Let f = 48 - 12. What is the remainder when f is divided by 15?
6
What is the remainder when 1823 is divided by -2*(-146)/(-4)*83/(-83)?
71
Suppose 5*z - 20 = 3*m, 0*m + 14 = -m - 2*z. Calculate the remainder when (8/m)/(1/(-70)) is divided by 29.
27
Suppose -h + 38 = 3*u, -3*u - 64 = -3*h + 26. Suppose 3*n = -4 - 2. Let y(k) = 22*k**2 - 4*k - 3. What is the remainder when y(n) is divided by h?
29
Let f = 143 + -57. Let w = f + -58. Calculate the remainder when w is divided by 15.
13
Let k be 2/8 - 2010/(-24). Suppose 0 = 4*g - 4*f - k, 3*g + 5*f - 57 = 2*f. What is the remainder when g is divided by 7?
6
Let m = 50 + -46. Suppose -157 = -m*z + k, 3*z + k = z + 71. Calculate the remainder when 104 is divided by z.
28
Let p = 47 - 194. Let d = p + 206. Calculate the remainder when d is divided by 6.
5
Suppose -3*c + 7*c - 44 = 0. Let h be -12 + 19 - (-1 - 3). Let s = 53 - h. What is the remainder when s is divided by c?
9
Suppose -5*c = -0*c. Suppose c = 5*p - 6*p + 3. Suppose 40 = -p*s + 130. Calculate the remainder when 88 is divided by s.
28
Let i(h) = 2*h**3 + 13*h**2 + 16 - h**3 + 55*h - 59*h. What is the remainder when i(-13) is divided by 18?
14
Suppose 37*f = 28*f + 1602. What is the remainder when f is divided by 15?
13
Let q(y) = y**3 - 57*y**2 - 51*y - 379. Let x(k) be the second derivative of 35*k**3/2 + k. Calculate the remainder when x(1) is divided by q(58).
24
Let q(d) = 2*d**2 - 14*d - 48. Calculate the remainder when 153 is divided by q(11).
33
Suppose 1017 = -43*k + 11810. Calculate the remainder when k is divided by 14.
13
Suppose -5*b + 249 = -3*j, 2*b - 3*b = -j - 49. Calculate the remainder when 190 is divided by b.
37
Calculate the remainder when (-44)/66 + 25*(-4)/(-6) is divided by 10.
6
Suppose 17 = 2*g + 7*w - 8*w, 0 = -4*g - 4*w + 16. Let z(d) = -d**3 + 9*d**2 - 12*d + 11. What is the remainder when z(g) is divided by 7?
4
Let z = 270 + -243. Calculate the remainder when 215 is divided by z.
26
Suppose 0*x + x = -306. Calculate the remainder when (x/72)/((-1)/40) is divided by 43.
41
Let q = 5 + -17. Calculate the remainder when 3 + (-4)/(q/99) is divided by (-368)/(-36) - 2/9.
6
Suppose -4*j - j + 4*w = -821, -5*w + 5 = 0. Suppose 0 = 4*o - 4*f - 232, 4*o = 2*f + 77 + j. Calculate the remainder when o is divided by 22.
19
Let c = -29 - -13. Let h = 946 - 841. Calculate the remainder when h is divided by ((-108)/(-16))/((-3)/c).
33
What is the remainder when 176 is divided by (-27)/(-12)*-80*(-7)/42?
26
Let m = 2563 - 2417. Calculate the remainder when m is divided by 24.
2
Suppose 0 = 3*r + r - 1136. Let q = 22048 + -22007. Calculate the remainder when r is divided by q.
38
Let a(w) = -w**3 + 5*w**2 + 8*w - 1. Let p = -13 + 36. Let r = p + -17. What is the remainder when a(r) is divided by 7?
4
Suppose -56 - 8 = 4*a. Suppose 0 = 5*g - 200 - 10. What is the remainder when g is divided by (16 + -1)*(-15 - a)?
12
Let w(b) = 6*b**2 + b - 4. Calculate the remainder when w(-3) is divided by 2/(-3)*(-26 - 10).
23
Let q(b) = -9901 + 2*b**2 - 3*b**2 + 9895 - 10*b. Suppose -u + 0*u - 6 = 0. What is the remainder when q(u) is divided by 7?
4
Suppose 5*p + 10 - 125 = 0. Let a(o) = -o**3 - 6*o**2 - o + 10. Suppose 8 = -3*z - 13. What is the remainder when a(z) is divided by p?
20
Let o = -154 - -236. Calculate the remainder when o is divided by 42.
40
Let s(v) = -3*v + 25. Let j(q) = 4*q - 24. Let p(b) = 4*j(b) + 5*s(b). Calculate the remainder when p(-10) is divided by (2*-1)/2*-5.
4
Let f = 1129 + -850. Calculate the remainder when f is divided by 35.
34
Suppose -2*w = 11 + 41. Calculate the remainder when w/10 + 3 + (-815)/(-25) is divided by (-62)/(-5) - 2/5.
9
Suppose -13*s = -18*s + 10. Suppose -s*f + w + w = -76, 0 = 5*w + 25. Calculate the remainder when 96 is divided by f.
30
Suppose -105 = -5*s + 4*k, 0*s = 5*s + 4*k - 145. Let c(f) = 6*f + 51. What is the remainder when c(8) is divided by s?
24
Let p(h) = -h**2 + 12*h - 3. Let u be p(12). Let m = u + 3. Calculate the remainder when 33 is divided by 2 + -5 + (m - -15).
9
Calculate the remainder when 42 is divided by (-11)/(-12 + 17 + (-6 - 0)).
9
Let c be 0 - (-1)/((-1)/(-42)). Suppose -3*i + 47 = -2*h, 3*i - 4*h = -7*h + c. Let l(u) = -u**2 + 9. What is the remainder when i is divided by l(0)?
6
Suppose 3*l - i - 81 = 2*i, -i = 2*l - 42. Suppose 0 = -v - 2*v + 225. Let y = -32 + v. Calculate the remainder when y is divided by l.
20
Let l(q) = -34*q - 563. Let n(t) = -t**3 + t**2 - 4. Let g be n(0). Let v(h) = -3*h - 3. Calculate the remainder when l(-17) is divided by v(g).
6
Suppose -5*g + 22 = -t + 1, -4*t + 2*g = -6. Suppose -m - 2*m - 5*x = 16, 8 = -4*m - t*x. What is the remainder when 4 is divided by m?
1
Suppose 9 - 3 = 2*f + 2*x, 2*x = -8. Suppose -f*i - 26 + 264 = 0. What is the remainder when 132 is divided by i?
30
Suppose 0 = -9*f + 402 + 732. Calculate the remainder when 372 is divided by f.
120
Suppose 3*w + 2*w - 15 = 0, -2*m - w + 73 = 0. Let r = -6845 - -6851. Calculate the remainder when m is divided by r.
5
Let d(v) = -v**3 + v**2 - 3*v + 47. Calculate the remainder when d(0) is divided by 14.
5
Let j(s) = 8*s**2 + 1. Let n(f) = -f**3 - 15*f**2 - 8*f - 33. What is the remainder when n(-15) is divided by j(-1)?
6
Calculate the remainder when -4*-97*2/4 is divided by 67.
60
Suppose -13*a - 5 = -14*a. What is the remainder when 26 is divided by a?
1
Let k(i) = -i - 8. Let h be k(-13). Suppose 0 = -h*f - 3*w + 184 - 61, -4*w = 5*f - 124. What is the remainder when f is divided by 9?
6
Suppose 2*l + 5*k = 4*l - 16, -l - 22 = 5*k. What is the remainder when (l/(-3))/((20/915)/2) is divided by 16?
13
Suppose 2*b - 19 = -5*h - 103, -5*b + 3*h = 272. Calculate the remainder when 15 is divided by 1/(b/28 + 2).
1
Let i = 4 + -3. Let y be i*((-2 - -2) + -2). Let r(f) = f**2 - 1. What is the remainder when 7 is divided by r(y)?
1
Suppose q + 13*q = 1050. What is the remainder when q is divided by (35 - 8) + 3*1?
15
Suppose 4*u - 1 + 13 = 0. Suppose 3*k + 9 = 5*d - 2, -k = -3. Calculate the remainder when 14 - (u - (-6 - -2)) is divided by d.
1
Let i be 15 - (-2 + 2) - 4. Suppose -4*t = 5*d - 37, i*d + 33 = 14*d - 3*t. Calculate the remainder when 47 is divided by d.
2
Let m = 144 + -112. Calculate the remainder when 142 is divided by m.
14
L